- 306. Let s = -5 - -18. Calculate the remainder when u(-1) is divided by s.
7
Suppose -b = -4*b + 21. Let i = 55 - 51. Suppose 4*k + 1 + 51 = i*q, k = 0. Calculate the remainder when q is divided by b.
6
Let g be (-11)/(-3 + (0 - -2)). Let r(o) = -o**3 + 10*o**2 + 7*o + 15. Let c be r(g). Let q = c - -36. Calculate the remainder when 41 is divided by q.
6
Calculate the remainder when 139 is divided by ((-676)/(-8))/13*2*1.
9
Suppose 2*p = -38 + 446. Suppose 7*f = 1765 - p. What is the remainder when f is divided by 56?
55
Suppose 2*k - 3*v - 58 = -6*v, -5*v = -3*k + 106. Calculate the remainder when k is divided by 12 - 0 - 0/(-2).
8
Suppose -50 = 3*n - 4*n. Calculate the remainder when n is divided by 19.
12
Suppose 0*m - m = -17. Suppose 0 = -5*y - 2 + m. Let a = 18 - 10. Calculate the remainder when a is divided by y.
2
Let s(f) = 3*f**2 - f - 1. Suppose 2*z + 0 = 8. Suppose 272 = z*h + 4*j - 2*j, 3*h = -3*j + 210. Calculate the remainder when h is divided by s(3).
20
Suppose -4*n - 4223 = -4*o - 31, 5213 = 5*o + 4*n. Suppose -3*l + 491 + o = 0. Suppose l - 122 = 5*p. What is the remainder when p is divided by 16?
14
Let w(b) = -2*b + 36. Let j be w(17). Suppose v = j, -2*v = y - 5 - 26. What is the remainder when y is divided by 15?
12
Suppose -r = -4 + 7. Let g(f) = -2*f**3 - 2*f**2 + f - 7. Calculate the remainder when 51 is divided by g(r).
25
Let b(u) be the third derivative of u**5/15 + u**4/6 - 13*u**3/6 - 10*u**2. Calculate the remainder when b(-4) is divided by 12.
11
Let q = -151 + 159. What is the remainder when 12 is divided by q?
4
Let l(f) = f**3 - f**2 - 2*f + 12. Let j be l(0). Calculate the remainder when (-957)/(-15) + (0 - j/15) is divided by 16.
15
Suppose -2*s = 3*d - 70, -4*d = -2 - 6. What is the remainder when 93 is divided by s?
29
Let o(p) = -16*p + 262. Calculate the remainder when 376 is divided by o(16).
4
Suppose -4*x + 33 + 3 = 0. Suppose -x + 5 = j. Let d(b) = b**3 + 5*b**2 - b + 5. What is the remainder when 99 is divided by d(j)?
24
Suppose -56 = 2*r + 2*n + 62, -2*r - 126 = -2*n. Let s = 97 + r. Calculate the remainder when 105 is divided by s.
33
Let y(f) be the first derivative of f**3/3 - f - 2. Let l = -25 - -27. What is the remainder when 5 is divided by y(l)?
2
Let a(l) = -1 - 17*l + 9*l + 47*l. Let f be a(1). Suppose -f = y - 93. What is the remainder when y is divided by 19?
17
Let o(j) = -31*j - 112. Calculate the remainder when o(-7) is divided by 31.
12
Let c(f) = -4*f + 12. Let k be c(2). Suppose 0 = -k*d - 71 + 799. Calculate the remainder when d is divided by 46.
44
Let t be 0/((-2 - -1)*1). Suppose -6*v - 163 + 541 = t. Suppose 135 + v = 6*q. Calculate the remainder when q is divided by 12.
9
Let i = 33 + -15. Let u be (-2)/(1 + 0/2). Calculate the remainder when 39 - (u + 4) - 2 is divided by i.
17
What is the remainder when ((-1598)/(-141))/((-4)/(-6)) is divided by 9?
8
Suppose -2*f + 17 = f + w, -5*w - 11 = -f. Suppose 105 = -u + f*u. What is the remainder when u is divided by 11?
10
Suppose -3*l + 9 = 2*j, -j + 2*l + 8 + 7 = 0. Calculate the remainder when j is divided by 0 + 0 + -2 - (-16 - -10).
1
Let v(w) = w**3 - 25*w**2 + 50*w - 50. Calculate the remainder when 161 is divided by v(23).
35
Suppose -12*j - 269 = -1085. Calculate the remainder when 610 is divided by j.
66
Suppose -5*u - 3*x + 2*x = 360, 3*x = 0. Let k = 125 + u. Calculate the remainder when k is divided by 28.
25
Let c(g) = -7*g**2 + 192*g - 21. Calculate the remainder when c(27) is divided by 21.
18
Let g = 1 + 11. Suppose -4*s = -5*f + 4 + 14, 0 = -4*s + g. Let t(n) = n**2 + 6*n - 5. What is the remainder when t(-8) is divided by f?
5
Let t(p) = -p**3 + 4*p**2 - p - 6. What is the remainder when 498 is divided by t(-2)?
18
Let y = -77 + -4. Let i = y + 122. Calculate the remainder when i is divided by 22.
19
Suppose -3*x = -4*h + 54, -6*x + 2*x = -5*h + 68. Calculate the remainder when 46 is divided by h.
10
Let h(w) = w**3 + 7*w**2 - 18*w - 12. Let c(v) = v + 23. What is the remainder when h(-8) is divided by c(0)?
22
Suppose i - 3*i + 10 = -2*c, 1 = -i - c. Suppose 0 = 4*a - 5*d - 9, a - 4*d + i*d = 0. Calculate the remainder when 23 is divided by a.
5
Let d(y) = 2*y**2 + 19*y + 10. Calculate the remainder when d(-10) is divided by 9.
2
Calculate the remainder when 1054 is divided by 0 - (-2 + -6)/(2/3).
10
Suppose -111 = i - 3*s, 4*i = 2*s - 79 - 335. Let t = -88 - i. Calculate the remainder when 27 is divided by t.
13
Let b(o) = 6*o - 52. Calculate the remainder when 86 is divided by b(10).
6
Let s = -157 + 180. Let x = -18 + 10. Let n(q) = 2*q**2 + 5*q + 3. Calculate the remainder when n(x) is divided by s.
22
Suppose -93*h + 106*h = 1859. Calculate the remainder when h is divided by 24.
23
Let p = 1 + 1. Suppose -5*d + 4*z + 121 = 0, d - 71 = -p*d + 2*z. Calculate the remainder when d is divided by -8 + (5 - (-3 + 5)) + 16.
10
Let t be (-6)/(-10) + 660/25. Let d = t + -18. Let v(h) = 3*h - 10. What is the remainder when v(15) is divided by d?
8
Suppose -n = -h + 4*n + 12, 2*h + n - 24 = 0. What is the remainder when (-3)/6 + (-71)/(-2) is divided by h?
11
Let o(b) = 6*b**2 - 2*b - 3. Let u be o(-2). Calculate the remainder when ((-160)/u - -6) + (-267)/(-5) is divided by 11.
9
Let n = 4 - -17. What is the remainder when n is divided by (-3)/(-1 - (-28)/49) - 2?
1
Calculate the remainder when 1/((-5)/390*-6) is divided by 4.
1
Let t(k) = -16*k. Let h be t(-1). Suppose 2*o = 5*o - 2*m - h, m = 5*o - 29. Let y = -297 + 312. What is the remainder when y is divided by o?
3
Suppose 160 = -5*h - 3*b - 55, 0 = -2*h + 2*b - 86. Let r be -4 + (h - (1 - -2)). Let y = -9 - r. What is the remainder when y is divided by 14?
13
Let s = -3 + 13. Let c be ((-20)/(-4) - 2) + 9. Suppose -q + c = -26. Calculate the remainder when q is divided by s.
8
Let y = 363 + -301. Calculate the remainder when 243 is divided by y.
57
Let c = 354 + -341. Calculate the remainder when 22 is divided by c.
9
Suppose 0 = -5*t - u - 177, -t - 21 = -5*u + 4. Let i(w) = -12*w + 1. Let v be i(-3). Let d = v + t. Calculate the remainder when d is divided by 1.
0
Suppose -4*l + 2*z = -210, -2*z = 3*l + 3*z - 190. What is the remainder when 128 is divided by l?
18
Let n(h) = 14*h - 30*h + 18*h + 12 - 2. Calculate the remainder when n(6) is divided by 19.
3
Let x = -116 + 178. Let v = x - 52. Calculate the remainder when 37 is divided by v.
7
Suppose 0 = 5*c - 29 + 4. Let p = 85 - 61. Suppose g + 5*l = p, 0 = 2*g + 5*l - 57 + 14. What is the remainder when g is divided by c?
4
Let u be (7 + -1*2)*1/1. Suppose -u*m + 364 = -776. Calculate the remainder when m is divided by 23.
21
Let b = -9 - -22. Let l = -122 + 22. Let a = l + 104. What is the remainder when b is divided by a?
1
Let d(m) = 3*m**2 + 5*m + 3. Suppose -2*f + 3*f - 26 = -3*i, 0 = -5*f + 25. What is the remainder when d(-3) is divided by i?
1
Let g = -30 - -86. Let l = g - 49. Suppose 88 = 5*x - 42. Calculate the remainder when x is divided by l.
5
Let r(k) = -6*k**2 - 22*k + 13. Calculate the remainder when 60 is divided by r(-4).
0
Suppose 3*w + v - 22 = -4, 2*w - v - 12 = 0. Suppose d - w = -2. Suppose -5 = 4*p - 9*p, 0 = d*l - 3*p - 41. What is the remainder when 21 is divided by l?
10
Suppose 3 = 3*n - 3*g, 2*g = 5*n + g - 13. Suppose l - 60 = n*l. Let m = 51 + l. What is the remainder when m is divided by 12?
9
Suppose -5*j - 3*k = -46, 3*j = 6*k - 2*k + 45. Suppose s + j - 34 = 0. Calculate the remainder when 89 is divided by s.
20
Suppose -5*q - 4*m = -170, 139 = 3*q + 16*m - 21*m. Calculate the remainder when q is divided by 20.
18
Suppose -37*h + 575 = -12*h. Calculate the remainder when 87 is divided by h.
18
Let q be 4/(5/15 + (-10)/(-6)). Suppose -q*h = 4, -3*a = 4*h - 16 - 0. Calculate the remainder when 22 is divided by a.
6
Suppose 2 = h - 3. Suppose -84 = -h*u + 121. Calculate the remainder when u is divided by 14.
13
Let j be 3 - (0 - -1)*-1. Suppose -2*m = -0*m - j. Suppose -3*p = m*x - 8, 0*x - 2*p + 12 = 2*x. Calculate the remainder when x is divided by 6.
4
Let y = -1951 - -2023. What is the remainder when 424 is divided by y?
64
Let y(v) = -v**3 + 8*v**2 + 12*v + 7. Let a be y(9). Suppose 5*m - a = 71. What is the remainder when m is divided by 11?
10
Let z be -10 